545 a composite number?
True
Is 8081 a composite number?
False
Is 3263 composite?
True
Is 3845 a prime number?
False
Is 67019 a composite number?
True
Is 2052799 a composite number?
True
Is 11917 a prime number?
False
Is 749 composite?
True
Is 1319 a composite number?
False
Is 487 a prime number?
True
Is 8743 composite?
True
Is 1151 composite?
False
Is 20021 composite?
False
Is 46385 a composite number?
True
Is 1901 a composite number?
False
Is 29947 a prime number?
True
Is 266633 prime?
True
Is 88993 composite?
False
Is 6971 a composite number?
False
Is 134471 composite?
False
Is 26281 prime?
False
Is 275543 a prime number?
True
Is 25243 a composite number?
False
Is 2440803 prime?
False
Is 693377 prime?
False
Is 60479 a composite number?
True
Is 8594581 composite?
False
Is 54633 prime?
False
Is 228809 prime?
False
Is 66431 prime?
True
Is 65677 composite?
False
Is 175793 composite?
True
Is 153601 a composite number?
True
Is 138671 composite?
True
Is 12515 a composite number?
True
Is 86501 prime?
True
Is 9627 a prime number?
False
Is 5513 a prime number?
False
Is 1895 a prime number?
False
Is 2084971 composite?
True
Is 60937 prime?
True
Is 404027 a composite number?
True
Is 36037 a composite number?
False
Is 53711 prime?
False
Is 248323 prime?
True
Is 3265 a composite number?
True
Is 242357 prime?
True
Is 4871 a prime number?
True
Is 24929 a composite number?
True
Is 24995 a composite number?
True
Is 61861 prime?
True
Is 75109 prime?
True
Is 6163 a prime number?
True
Is 952789 composite?
False
Is 482585 composite?
True
Is 1357 prime?
False
Is 134699 prime?
True
Is 201561 a prime number?
False
Is 9293 composite?
False
Is 24821 a prime number?
True
Is 815 composite?
True
Is 12197 prime?
True
Is 761459 composite?
False
Is 14613 a composite number?
True
Is 23417 composite?
False
Is 1835513 a composite number?
True
Is 104569 a prime number?
False
Is 8909 prime?
False
Is 3187 composite?
False
Is 32027 a prime number?
True
Is 459299 a prime number?
False
Is 1513271 prime?
True
Is 905249 a composite number?
False
Is 583 a prime number?
False
Is 1114999 composite?
False
Is 71183 prime?
False
Is 207619 a composite number?
False
Is 645185 prime?
False
Is 14699 a composite number?
False
Is 48073 a prime number?
True
Is 291 composite?
True
Is 423767 a prime number?
False
Is 815 a prime number?
False
Is 1402 composite?
True
Is 48073 composite?
False
Is 88135 prime?
False
Is 1931 composite?
False
Is 419873 a composite number?
False
Is 444743 a composite number?
True
Is 384061 prime?
True
Is 35023 a composite number?
False
Is 483319 composite?
True
Is 93778 a prime number?
False
Is 45671 prime?
False
Is 2237629 a composite number?
False
Is 11441 prime?
False
Is 56741 prime?
False
Is 218885 prime?
False
Is 625913 composite?
False
Is 16361 composite?
False
Is 20249 a prime number?
True
Is 37231 composite?
True
Is 3409927 a prime number?
True
Is 220078 a prime number?
False
Is 573277 a prime number?
True
Is 261167 composite?
False
Is 67729 prime?
False
Is 405341 a prime number?
True
Is 44467 a composite number?
True
Is 171257 a composite number?
True
Is 37781 prime?
True
Is 7123 a composite number?
True
Is 68023 prime?
True
Is 456641 a prime number?
True
Is 164663 composite?
False
Is 221809 prime?
False
Is 2376403 composite?
True
Is 3118 a composite number?
True
Is 2200103 a composite number?
False
Is 2453 composite?
True
Is 39137 a prime number?
False
Is 162943 composite?
True
Is 1361 composite?
False
Is 683173 composite?
True
Is 128543 prime?
False
Is 868931 a prime number?
False
Is 17377 a composite number?
False
Is 986507 prime?
True
Is 5926 composite?
True
Is 15117 prime?
False
Is 14977 a composite number?
True
Is 184277 a prime number?
False
Is 64367 a prime number?
False
Is 87573 a prime number?
False
Is 75889 prime?
False
Is 1051487 a composite number?
True
Is 405619 prime?
False
Is 1834879 composite?
False
Is 54291 a prime number?
False
Is 1821 a prime number?
False
Is 15727 a composite number?
False
Is 141935 prime?
False
Is 105743 a composite number?
True
Is 8509 composite?
True
Is 1082371 prime?
False
Is 17707 composite?
False
Is 1759 prime?
True
Is 6709 prime?
True
Is 1415263 a prime number?
True
Is 5077 a prime number?
True
Is 36739 prime?
True
Is 8753 a prime number?
True
Is 13223 prime?
False
Is 18839 a prime number?
True
Is 19063 prime?
False
Is 28901 a prime number?
True
Is 735781 prime?
True
Is 6805 composite?
True
Is 57487 prime?
True
Is 77921 prime?
False
Is 8509 a composite number?
True
Is 44881 prime?
False
Is 600791 prime?
True
Is 27031 composite?
False
Is 31451 prime?
False
Is 81093 a prime number?
False
Is 2521 a prime number?
True
Is 16253 composite?
False
Is 46571 prime?
False
Is 122773 a prime number?
False
Is 4703 prime?
True
Is 2333 a composite number?
False
Is 872923 prime?
True
Is 549193 a prime number?
True
Is 220481 prime?
False
Is 171991 a composite number?
True
Is 2831 prime?
False
Is 93677 a composite number?
True
Is 2991 prime?
False
Is 473117 a prime number?
True
Is 171293 a composite number?
False
Is 10063 composite?
True
Is 217157 a composite number?
False
Is 7949233 a composite number?
False
Is 74 prime?
False
Is 137627 a prime number?
False
Is 8791 a prime number?
False
Is 20633 a composite number?
True
Is 61315 a prime number?
False
Is 2857 a prime number?
True
Is 278779 a prime number?
False
Is 1177 a composite number?
True
Is 17597 composite?
False
Is 1334251 composite?
True
Is 74959 a prime number?
True
Is 2594 composite?
True
Is 54685 composite?
True
Is 645571 a prime number?
True
Is 6359143 a prime number?
False
Is 11035 prime?
False
Is 18371 prime?
True
Is 463 a composite number?
False
Is 2773 prime?
False
Is 31567 prime?
True
Is 142379 a composite number?
True
Is 236207 composite?
False
Is 4987 a composite number?
False
Is 619691 composite?
True
Is 2181 a prime number?
False
Is 991817 prime?
True
Is 449299 a composite number?
False
Is 17467 prime?
True
Is 26551 composite?
True
Is 12893 a composite number?
False
Is 47041 prime?
True
Is 10099 composite?
False
Is 196409 a composite number?
True
Is 17349 prime?
False
Is 311923 a prime number?
False
Is 145867 a composite number?
True
Is 5131 prime?
False
Is 3545143 prime?
False
Is 13811 prime?
False
Is 132127 a composite number?
True
Is 35779 composite?
True
Is 14263 a composite number?
True
Is 118247 a composite number?
False
Is 25163 composite?
False
Is 391 prime?
False
Is 5381 composite?
False
Is 135293 prime?
False
Is 6749 a composite number?
True
Is 6841 a composite number?
False
Is 793 a prime number?
False
Is 1104445 composite?
True
Is 7447 composite?
True
Is 812765 a composite number?
True
Is 50929 composite?
False
Is 587437 composite?
False
Is 338641 composite?
True
Is 830081 composite?
True
Is 1243 a prime number?
False
Is 2921 a prime number?
False
Is 1339567 a composite number?
False
Is 115421 composite?
False
Is 140797 a prime number?
True
Is 5737 a prime number?
True
Is 24793 prime?
True
Is 81611 a prime number?
True
Is 803477 a prime number?
False
Is 3073 prime?
False
Is 133851 prime?
False
Is 41542 a composite number?
True
Is 115499 prime?
True
Is 747319 a prime number?
True
Is 118493 prime?
True
Is 111989 composite?
True
Is 1391323 a composite number?
False
Is 24943 composite?
False
Is 41201 a composite number?
False
Is 1014769 composite?
True
Is 6637 a composite number?
False
Is 399043 a prime number?
True
Is 2457563 composite?
False
Is 66647 a prime number?
False
Is 78997 prime?
False
Is 2560431 composite?
True
Is 76859 prime?
False
Is 268253 a composite number?
False
Is 54871 a composite number?
True
Is 50329 a composite number?
False
Is 233183 a composite number?
False
Is 286105 a composite number?
True
Is 28319 composite?
False
Is 394 a prime number?
False
Is 13997 prime?
True
Is 455951 a prime number?
False
Is 26387 prime?
True
Is 665549 a composite number?
False
Is 69181 prime?
False
Is 2333 a composite number?
False
Is 4621 composite?
False
Is 11177 prime?
True
Is 7417 prime?
True
Is 5207 a prime number?
False
Is 845239 a prime number?
False
Is 12793 a prime number?
False
Is 1657 composite?
False
Is 1193 a prime number?
True
Is 47041 prime?
True
Is 173771 composite?
True
Is 66827 a composite number?
True
Is 83 a prime number?
True
Is 454